18 = 2*i + 34. Suppose -j*x - 5*g = -8*x + 253, -3*g = x - i. Is x a prime number?
False
Let n(f) = -f**3 - 8*f**2 - 9*f + 4. Let y be n(-7). Suppose -2*g = -5*o - 6 - y, 2*g + 3*o = 56. Is g prime?
False
Let x = 3197 - 1099. Is x a prime number?
False
Let p = -1 + 2. Is (1 - (p - -2)) + 343 prime?
False
Suppose 5 - 1 = 2*s. Let j be (-52)/(-6) - s/3. Suppose -5*x = -3*t + 43, 0 = 5*t - 2*t + 2*x - j. Is t a prime number?
False
Suppose -2*y + 521 = -i, -y + 3*i + 284 - 36 = 0. Is y composite?
False
Let r(q) = -3 - 3*q**3 - q - 4*q**2 + 5 - 5. Let j be r(-4). Suppose s = 2*m - 69, -m - j = -5*m - s. Is m prime?
False
Let p(j) = -6*j**3 - 3*j**2 + j + 7. Is p(-5) a prime number?
True
Suppose 349 = 2*d - 3*t, 3*t - 2*t + 840 = 5*d. Suppose d - 432 = -a. Is a a prime number?
False
Let f = -11 - -15. Let u(x) = 6*x - 5. Is u(f) a composite number?
False
Let r = 3 - 1. Suppose 0 = -r*z + 2*k + 8, 0*z = 3*z - 4*k - 16. Suppose u - 1 - 12 = z. Is u a composite number?
False
Let t(i) = -15*i + 3. Let w(z) = -z. Let k(m) = -t(m) + 12*w(m). Let o be k(6). Suppose 4*c - 3*j = 1 + 103, c - o = -2*j. Is c a prime number?
True
Let j be (-138)/(-24) - (-6)/(-8). Let x(p) = 4*p**3 + p**2 - p + 1. Let c be x(1). Suppose 0 = -3*w - 5*m + 35, j = w - c*m - 0. Is w prime?
False
Let z(x) = x**2 - 2*x - 3. Let l be z(4). Suppose s = 5*q - 322, -3*q + 0*q + 198 = -3*s. Suppose 0 = -l*i - 5*c + 165, -c = 2*i - 0*c - q. Is i prime?
True
Suppose 3*x - 26 = 49. Is x a prime number?
False
Suppose 0*j + j - 2*t = -2, 0 = -4*j - 2*t + 12. Suppose 52 = -j*v + 2. Is v/(2/(-4)*2) prime?
False
Suppose 0 = -g + 3. Suppose h = 16 + g. Is h prime?
True
Suppose -5 = -4*t + 11. Suppose 267 = -t*f + 799. Let z = f - -78. Is z prime?
True
Suppose -4*s + 0*s + 7 = t, 5 = -5*s - 4*t. Suppose 2*z - 35 = s*c + 110, 2*c = 2*z - 150. Let i = -43 + z. Is i a prime number?
True
Let q(g) = 4*g + 10. Suppose -v = v - 18. Is q(v) a composite number?
True
Let j(x) = -167*x - 16. Is j(-3) composite?
True
Let m = -541 - -760. Is m a prime number?
False
Is (-4)/18 + (-7248)/(-54) a prime number?
False
Suppose 5*r - 3*c = 2507, 3*r + 4*c - 1216 = 265. Is r a prime number?
True
Let s(b) = -11*b + 5*b - 17*b. Suppose 3*p - 3*n = 0, 2*n + n = 2*p - 1. Is s(p) prime?
True
Let j be (-8)/(-1)*3/6. Let h(u) = 2*u**2 - 5*u + 3. Is h(j) prime?
False
Suppose -3*y = -3*c + y + 3341, -4*y = -5*c + 5571. Is c composite?
True
Let m = 134 + -96. Let r(c) = 19*c. Let q be r(1). Suppose -y = -q - m. Is y a composite number?
True
Suppose 8 = -p - 2*a, p - 2*a - 3 = 5. Let z be 2 + 390/3 + 2. Suppose p = d + d - z. Is d a prime number?
True
Suppose 2*u = 5*a + u + 528, -3*u + 9 = 0. Let i = 163 + a. Is i a composite number?
True
Suppose 5224 = -0*d + 8*d. Is d composite?
False
Let z = -4 - -6. Let u = 4 - z. Suppose o - u*o = -37. Is o composite?
False
Let g = 10 + -5. Suppose -s - g = -2. Let o(i) = 3*i**2 + 2*i + 1. Is o(s) composite?
True
Suppose -2*k + 2*l = 2*k - 730, -3*l + 385 = 2*k. Is k composite?
True
Let d(i) = i**2 - 6*i - 3. Is d(16) prime?
True
Let c(n) = n**2 + 9*n + 8. Let p be c(-10). Let z be (-4)/p + (-76)/(-18). Suppose z*m = -2*r + 122, 0 = r + 4*r + 25. Is m a prime number?
False
Let f be (-8)/(-5) + (-2)/(-5). Suppose f*h - 4 = -3*n, -4 = -n + 3*h - h. Suppose -g + n*g = 21. Is g prime?
False
Suppose 2*o = 7*o - 5. Let y(t) = t**3 - t**2 - t + 1. Let j be y(o). Suppose j = -0*m - m + 14. Is m a prime number?
False
Suppose 4 = -2*u, 5*r + 5*u - 8 = -3. Suppose r*j - 4*m = 4*j + 11, 10 = -2*j - 5*m. Suppose 5*x - 55 = -j. Is x prime?
False
Suppose -4 = -2*m + o, m - 4 = 4*m - 4*o. Is (-1)/2 - (-78)/m a prime number?
True
Let x(i) = 1. Let w(c) = 191*c + 1. Let p(d) = -w(d) - 3*x(d). Let o be p(-3). Let t = -358 + o. Is t composite?
False
Let p = 10 + -16. Is p*142*2/(-8) composite?
True
Let y = 6 - 4. Suppose o - 8 + y = 0. Suppose 4*n = 3*s - 223, -2*s - 4*n = -o*s + 292. Is s composite?
True
Let y = -1026 + 4573. Is y a composite number?
False
Let y(x) = -x**3 - 7*x**2 - 6*x + 3. Is y(-8) prime?
False
Suppose 0*i = 4*i + 40. Let q(w) = 11*w**2 + 39*w + 27. Let r(h) = 7*h**2 + 26*h + 18. Let s(u) = 5*q(u) - 8*r(u). Is s(i) a prime number?
False
Let b be 1 + (0/3 - 1). Suppose -n + 2*n = b. Is n + 58 - 1/(-1) a composite number?
False
Is (-2)/(-9) + 12665/153 a composite number?
False
Let x = 0 + -3. Let a = -2 - x. Is 8/a - (0 - -1) a composite number?
False
Let r(o) be the second derivative of o**5/20 - o**4/12 - o**3/2 + o**2 + o. Let j be r(2). Let q(v) = v**3 + v + 21. Is q(j) a prime number?
False
Suppose 0 = q + 5*n - 124, -n = -0*q + q - 132. Suppose 3*c - 5*c = -q. Is c prime?
True
Suppose 2*j + 10 = 0, -2*j - 4 - 9 = -b. Suppose v - 275 = -4*v + 4*r, v - 66 = b*r. Is v a composite number?
True
Suppose 0 = 5*m - 213 - 442. Is m a prime number?
True
Let b = -168 - -325. Is b a prime number?
True
Let x be (-1)/(2 + (-2727)/1362). Suppose -x = -3*a + 731. Suppose -5*w + 0*w = -a. Is w a composite number?
False
Let q(p) = 93*p**2 - 2*p - 1. Let b be q(-1). Suppose -b + 361 = 3*u. Is u a composite number?
False
Let s(y) = -2*y**2 - 2*y + 3*y**3 + 7 + 15*y - 2*y**3 - 9*y**2. Is s(12) composite?
False
Suppose -4*v + 23 = -4*d - 1, -5*v = -2*d - 18. Suppose 2*x + 1 = 3*j + 5, 5*x + v*j - 10 = 0. Suppose -x*h = -0*h + 4*b - 90, -b - 54 = -h. Is h composite?
True
Let l = 182 - 103. Suppose 0 = 3*k - 2*k - 6. Suppose -3*z = k*w - w - 83, 0 = 3*z + 4*w - l. Is z a prime number?
False
Let i = -2617 + 4176. Is i prime?
True
Suppose -3*a + 81 = 6. Is a a prime number?
False
Suppose -4*o - 2*h = -5998, -4*h - 5860 = -3*o - 1367. Is o prime?
True
Is (-1 + 3)*4203/18 a composite number?
False
Let h = 468 + -281. Is h prime?
False
Let y = 4 - -1. Let w(n) = -36*n - 1. Let l(z) = 36*z. Let q(r) = y*w(r) + 4*l(r). Is q(-4) a prime number?
True
Suppose 0 = 4*y - 5*y. Let s be 1*y*(0 - 1). Suppose 0 = -s*u - 3*u + 249. Is u a composite number?
False
Let c be 2 + 1*-6 + -2. Let f(o) = -11*o + 7. Let y be f(c). Suppose -4*r + 3*v + y = -0*v, 0 = -4*r + 2*v + 74. Is r prime?
True
Let r be ((-936)/(-15))/(2/10). Let u = r + -5. Is u a composite number?
False
Suppose n = -3*n + 28. Suppose -g - 45 = -3*w, n*g + 60 = 4*w + 2*g. Is w composite?
True
Let d be 5*(-2 - -4)/2. Let t(u) = -u**2 - 15*u + 1. Let w be t(-15). Let n = d + w. Is n prime?
False
Let f(k) = -94*k + 1. Let z be f(-1). Suppose -c = -0*c - z. Is c a composite number?
True
Is (-30)/10 + 72/1 prime?
False
Let j be (-6)/4 + (-49)/(-14). Let u(h) = 145*h**3 + 2*h + 1. Let a be u(j). Is (1 - -2)/(15/a) prime?
True
Let a be 5/(10/(-4))*-1. Suppose 0 = -2*z - a*z + 4*j, -20 = 4*z + j. Is 142/4 + 2/z a composite number?
True
Let p = 302 - 171. Is p composite?
False
Let p(u) be the second derivative of u**3/6 - 15*u**2/2 - 5*u. Let b be p(0). Is b/10 + 1058/4 a prime number?
True
Let n = -4 - -6. Suppose -2*z = z + 3, -n = 3*c - 4*z. Is 70 + -3 + c/1 a composite number?
True
Suppose -3*b = -3*r - 135, -5*r = b - 26 - 49. Let w(i) = i - 2. Let u be w(4). Suppose b = u*a - 0. Is a a prime number?
False
Suppose -4*w = 4*s - 20, 0*w + s + 1 = 2*w. Suppose -c + w*c - 5 = 0. Let q(y) = 19*y - 6. Is q(c) a prime number?
True
Let h = -45 - -88. Is h a composite number?
False
Let g(z) = -z**3 - 13*z**2 - 10*z + 3. Is g(-13) a composite number?
True
Let d be (-155)/(-30) + (-1)/6. Suppose 687 = -4*p + d*u + 1884, 0 = -u - 5. Is p composite?
False
Suppose 2*t + 64 = 6*t - 3*o, -o = 3*t - 61. Is t a composite number?
False
Let b be (18/(-8))/(6/(-16)). Suppose 5*z + 5 = b*z. Let l(r) = 8*r**2 - 8*r + 3. Is l(z) a prime number?
True
Suppose -2*d = 3*a - 0*d + 24, -3*a - 3*d - 21 = 0. Let z(q) = -q + 9. Let h be z(8). Is (-65)/a + h/(-2) composite?
True
Is 24/(-96) + 6741/4 a prime number?
False
Let z(i) = 2562*i**3 + i**2 + i - 3. Is z(1) a prime number?
False
Suppose -1737 = -7*m + 6586. Is m a prime number?
False
Let t be -2 - -2 - 40/(-10). Suppose -5*c + t*c = -331. Is c a prime number?
True
Is (14/(-4))/(10/(-40)) a composite number?
True
Let h(m) = 2155*m. Is h(1) composite?
True
Let p(y) = y**3 + 2*y**2 - 3*y - 3. Let n be p(-2). Suppose 3*w - 153 = -5*q, 0*w + n*q - 204 = -4*w. Is w composite?
True
Let t = -14 + 13. Is 135/4 - t/4 composite?
True
Suppose 4*y -